
-64 + 61 + (1 - 5)
-7
Evaluate (-50 - -30) + 1 - -31.
12
-2 - 22 - 14 - (-25 + 26)
-39
Evaluate (-8 - 28 - (2 - 12)) + (6 - 2).
-22
What is the value of 9 - (11 + -1 - (-48 - -53))?
4
What is (-20 - -41) + -29 - -9?
1
Evaluate -10 - (-15 + 3 + (21 + -27 - -13)).
-5
Evaluate 0 + -3 + -68 + 71.
0
What is the value of -95 + 98 - (1 + 8)?
-6
-25 + 35 - (-1 - -41)
-30
Evaluate -10 - 0 - (-24 - (40 + -53)).
1
Calculate 0 + (8 - 5) + -6 + -8 + -3.
-14
Calculate 16 + 3 + -10 - (0 + -2).
11
What is 28 - (48 + -21 - -12)?
-11
Calculate -15 - (15 + -2 + -31).
3
Calculate ((-1 - -19) + 13 - 8) + -6.
17
What is the value of 12 + -18 + -17 + 21?
-2
What is 4 - 9 - (7 - (4 - 4 - -2))?
-10
200 - 206 - (-13 + -3 + 2) - -2
10
10 + 2 + 78 + -81
9
What is the value of 4 - (8 - 25) - -1 - 5?
17
Calculate -28 + 14 + 8 + -8.
-14
What is -6 - 1 - (-26 + (3 + 5 - -1))?
10
What is -17 - (2 + (6 - -1) - 9)?
-17
What is the value of -1 + (-8 + 10 - 29) - -3 - 3?
-28
What is (1 - -6) + -24 + 19 + 4 + -5?
1
Calculate (73 - 87) + (13 - -5).
4
What is 4 + 3 + (8 + -5 + -24 - 3)?
-17
-12 + -6 + -13 + (-15 - -30)
-16
-14 + -2 + 3 - (-2 - (-5 - -1))
-15
What is the value of -2 + 6 - (-14 + 13)?
5
What is 7 + -5 + 7 + -7 + 4?
6
Evaluate 16 - (36 - (5 + 18)).
3
Evaluate -5 + 3 + -5 - (53 - 54).
-6
What is the value of 1 + 0 + -3 + (18 - (-60 + 83))?
-7
What is the value of 9 - 1 - ((-23 - -29) + 4 + 9)?
-11
(0 - (27 - 1)) + 30 + 15 + -41
-22
Calculate 124 + -118 - (-2 - ((-2 - -1) + 9)).
16
Evaluate 28 - 13 - (8 + -1).
8
(30 - 10) + -21 - -19
18
Calculate 13 + (0 - 7) + (1 - 3 - -2).
6
What is 6 - ((2 - -4) + (3 - 10))?
7
What is the value of 1 - (0 + -21 + 41) - (8 + 0)?
-27
What is -12 + -3 + -38 + 46?
-7
(2 - 2) + -3 - (17 - 36)
16
Calculate -12 - (-12 + 9 - 7).
-2
What is the value of 4 - (14 + (13 - 7) + -24)?
8
Evaluate (5 - -6 - 3) + 0.
8
Evaluate 24 - (-8 + 2 + 9 + -2) - 2.
21
0 + (-5 - (11 + -7))
-9
Evaluate 8 + -95 + 87 + 11 + -1.
10
24 + -21 + -44 + 7
-34
What is the value of -11 + 7 + -21 - -21?
-4
Calculate -47 - (-4 - 10) - -33.
0
What is the value of -4 + -1 + 1 + 294 + -284?
6
What is (-1 - -7) + (-199 - -219) + (-62 - -3)?
-33
What is -8 - (5 + -18 + 3)?
2
What is the value of (17 - 19) + (-3 - 21) - (-15 + 8)?
-19
Evaluate -2 + 2 - ((-14 - 7) + 3 + 3).
15
Calculate 13 + (17 - (58 + 13 + -11)).
-30
What is 0 - -24 - (-427 - -443)?
8
What is the value of (13 - (43 + -3)) + -1 + 10 - 11?
-29
What is 1 - (-9 + -1 - -3) - 1 - 0?
7
What is the value of -5 - (14 + (-26 - -3) + (-1 - 10))?
15
Calculate -9 + -4 + 12 + -9 + (-4 - -2).
-12
Evaluate 26 + (-2 - 0 - 8) + 7.
23
Evaluate -26 + (9 - -4 - -2).
-11
(2 - -2) + -22 + 6 + 14
2
What is the value of (0 - -13) + -5 + 2 - (50 - 54)?
14
Evaluate -21 - (-9 + (24 - 19)).
-17
Calculate -124 + 114 + (1 - -2) + 28.
21
What is (8 - 18) + 2 + -1?
-9
0 + (5 - 23 - -14) + 1
-3
What is -9 - -14 - 39 - -16?
-18
What is the value of (42 - 11 - 24) + 3?
10
Calculate (62 - 40) + -3 + -10.
9
(0 - (8 - -15)) + 22
-1
What is the value of -18 - (40 + (-35 - 31))?
8
Evaluate (0 + -5 + 3 - -4) + (-4 - -10).
8
(1 - 3 - (-9 + 9)) + -44 + 36
-10
Evaluate 0 + 0 - (12 - (-6 - -20)).
2
What is (-11 - (5 + -26)) + -2 + -5?
3
Evaluate (-307 - -305) + (0 - -2).
0
What is the value of -12 - -2 - (6 + (12 - 22))?
-6
What is 14 - (-2 - (-9 + (0 - -6)))?
13
Calculate -6 + (-6 + -4 - -12) + 4.
0
Evaluate 9 + (-3 - 12) + 14.
8
Evaluate -2 - ((9 - (4 - -23)) + 8).
8
Evaluate -20 - -31 - (0 + -1 + 1 - 0).
11
(0 - -5) + (10 + 34 - 42)
7
Evaluate -7 + 15 - (-4 - -7).
5
Evaluate 229 + -174 - (1 + 16).
38
Calculate 1 + 4 - (1425 - 1453).
33
What is the value of 10 + -7 + 3 + 1 + 127 + -133?
1
Evaluate -1 - -14 - (82 - 77).
8
-11 + -13 + 11 - -11
-2
2 - ((4 - -11) + -9) - -5
1
What is 20 + (-89 - -62) + (0 - 4)?
-11
4 - 5 - -2 - (6 + 13)
-18
Evaluate 1 + 16 + (8 + -10 - 5) - 37.
-27
Calculate -10 + (-1 - 0) + 6 + 1 + 5.
1
Calculate (78 - 71) + (5 - 2).
10
What is 11 - -21 - 5 - 24?
3
Evaluate (2 - 0) + 11 + -11 + 4.
6
Calculate -11 + (3 - -16) + -1 + 2.
9
4 - (1 - (39 - 4 - 18))
20
19 + -15 - (22 + (-12 - -5))
-11
Evaluate -16 - (-223 + 225 + -3 + 1).
-16
What is the value of (-1 - ((-9 - -2) + 26)) + (3 - -9)?
-8
What is the value of 24 - (32 - 7) - (0 - -7)?
-8
What is 4 - ((-11 - -32) + -11) - -4?
-2
What is 2 - 15 - -7 - 9 - -19?
4
Calculate (-14 - (4 + -10 - 6)) + (-1 - -5).
2
What is the value of (-11 - (-6 - -9) - 21) + 8?
-27
(35 - 21 - (7 + -2) - 22) + -7
-20
What is the value of (-6 + 19 - 16) + 13?
10
What is the value of -1 + 12 + -12 + 8?
7
(1 - 6 - (-36 - -26)) + (4 - 20)
-11
(36 - (13 - -23)) + 16
16
-4 + -13 + 13 + -4
-8
Calculate 9 + -4 + -5 - -3.
3
4 + -1 - ((2 - 2) + (9 - 9))
3
Evaluate -19 + 24 + (-1 - -5 - 5).
4
What is the value of (-23 - ((-5 - 0) + 6)) + 3?
-21
What is the value of -8 + 7 + 13 - 4?
8
What is -2 + (10 - (28 - 7))?
-13
-7 + (4 - (2 - 4)) + -13
-14
(-17 - (10 + -45)) + -2
16
Calculate 31 - (-24 + 26) - 8.
21
(1 + -1 - (89 + -92)) + -4 - -3
2
Calculate 3 + 6 + -8 + -14 - -18.
5
40 - (-1 - (8 + -73))
-24
Evaluate 152 + -145 + (-2 - -5) - 5.
5
Evaluate -7 - (-9 - (26 - 12)).
16
(-2 - 5) + (185 - 178) + -11
-11
Evaluate (2 - ((-10 - -28) + -17)) + 22 + 1.
24
What is the value of 1 - (3 + 6 + -7 - -1)?
-2
-123 + 110 - ((3 - 0) + -12)
-4
Evaluate -17 + (-3 - -6) + 442 + -396.
32
What is the value of -10 + (2 - (0 - (29 + -11)))?
10
2 + 21 + -4 - 15
4
Evaluate 7 + 1 + -25 + -6 + 9.
-14
What is the value of -12 + 7 + 18 - (-4 - -3)?
14
Evaluate -12 + 11 + (-18 - -19).
0
Calculate 7 + (16 + (5 - 8) - (1 + 4)).
15
Calculate -4 - (-2 - -12 - (8 - (-8 - -16))).
-14
Evaluate (-25 - (-8 - 26)) + (-1 - 2).
6
Calculate -5 - (-2 + (-6 - (0 - (9 - 7)))).
1
What is (-2 - 7 - -32) + -17 + 17?
23
What is (-8 - -1) + 11 + -7?
-3
What is the value of 0 + 31 - (-170 - -187)?
14
What is 10 - (-5 - (-27 + 5 + 7))?
0
Calculate (10 - 0) + -2 - 6.
2
Evaluate -5 - (-7 + 5 + 1 - 2).
-2
Calculate -23 + 13 - (-17 - -21).
-14
What is the value of -27 + 23 + -1 - (1 - -8)?
-14
Calculate 12 + -20 - -19 - 16.
-5
What is 4 + -6 + (2 + 0 - 12)?
-12
Evaluate -17 + -25 - -47 - -31.
36
What is the value of (13 - ((3 - 7) + 10)) + -3?
4
What is the value of 0 + -2 + (15 - (25 + -1 + -8))?
-3
Evaluate 9 - 16 - 13 - -7.
-13
What is the value of 1 - 16 - ((42 - 36) + -12)?
-9
Calculate 37 + -39 - (-30 + 26).
2
What is 14 + (-5 - -1 - (2 - 1))?
9
What is the value of (14 - (18 + 8 + -5)) + (6 - 0)?
-1
What is -43 + -9 + 9 + 14?
-29
What is the value of (-2 - -5 - 15) + 2 + (-10 - -30)?
10
What is (-10 - (-13 - 19)) + (-3 - -4)?
23
Calculate 0 + -3 - 8 - -8.
-3
Calculate 0 - 10 - (-66 - -30).
26
Evaluate -1 + (-3 - -2) - -9 - 6.
1
What is -3 + -1 + (102 - 87) - -14?
25
Calculate (11 - 13) + -5 + -6 + 1 + -21.
-33
What is -540 + 510 - (-1 - 5)?
-24
Evaluate 79 - 76 - (9 - 0 - 2).
-4
Calculate (-5 + (-2 - -2) - -6) + (21 - 9).
13
Calculate 15 + (-14 - (12 + 7 + 5)).
-23
What is (-7 + -2 - -10) + -38 + 19?
-18
Evaluate 5 + 0 + (16 - 13) + -3 + 3.
8
What is the value of -12 + -1 - (13 + -1 - 19)?
-6
5 + 9 - 5 - 16
-7
Calculate -5 + 1 + 11 + -27 + 24.
4
Calculate -22 - ((2 - -7) + 5 + (-9 - 5)).
-22
Evaluate 5 + (7 - (-5 - (-14 + 12))).
15
22 + -5 + -6 - 3
8
What is the value of 7 - (-39 - -35) - 36?
-25
Evaluate 0 + -1 - -6 - 2 - (-3 - 5).
11
Calculate -1 + (1 - 21 - 2 - -7) + 6.
-10
What is the value of 8 + -11 + -8 + -5?
-16
Evaluate -25 + -4 + (-12 - -22).
-19
3 + (-3 - (5 + -10)) + 2 - -10
17
Evaluate 5 + 2 + -3 + 10 + (172 - 166).
20
What is the value of -11 + 17 - 26 - -11?
-9
What is the value of 13 + (40 - (-1 + 29))?
25
Evaluate 17 + (4 + 3 - 7) + -7.
10
Evaluate 12 - ((6 - 4) + -3) - (-3 - -10).
6
What is 2 + -8 + 5 + -10?
-11
What is the value of 93 + -80 - (2 - -12)?
-1
What is the value of (1 - -2) + 3 - ((-22 - -34) + -23)?
17
What is -3 - (0 + 1 + -9 - (116 - 98))?
23
What is 17 + -39 + (46 - 18)?
6
20 - (8 - (1 + (-10 - -11)))
14
What is the value of 18 + (-21 - (-31 + 12)) + 2 + -2?
16
Calculate (48 - 13) + -40 + -22.
-27
What is the value of (5 - (0 + -1 + 3 - -6)) + -15?
-18
(10 - (40 + -12 + 6)) + 3
-21
0 + 1 + -17 + (-13 - -21) - 11
-19
Evaluate 52 + -50 - (-3 - (3 - 6)).
2
What is the value of 20 + (11 - 26) + 0?
5
Evaluate 1 + -40 - (2337 + -2394).